 = 0. Suppose 3*o = -5*f + 9, 0 = 4*f + 4*o - 7 + i. Suppose -z + 20 = -f. What is the tens digit of z?
2
Let s(l) = -l - 2*l + 2*l + 3*l. Let m be s(-1). What is the units digit of (-2)/m + (-5)/(-1)?
6
Suppose -8*k = -4*k + 2*g - 4110, -5*g = 25. What is the units digit of k?
0
Let q = -3 + -11. Suppose 14*p - 218 = 146. Let u = p + q. What is the tens digit of u?
1
What is the hundreds digit of (-1 - -392) + (-14 - (13 + -21))?
3
Let i be ((-7)/2)/(15/(-10) + 2). Let w(b) = -8*b + 44. What is the hundreds digit of w(i)?
1
Let v(c) = -11*c + 8. Let n(m) = 12*m - 7. Let w(r) = 4*n(r) + 5*v(r). What is the units digit of w(-11)?
9
Let s = -2249 - -3331. What is the tens digit of s?
8
Let f(m) = -2*m**3 - 8*m**2 - 14*m - 14. What is the hundreds digit of f(-5)?
1
Suppose -784*y + 15216 = -768*y. What is the hundreds digit of y?
9
Let g = -4 - -1. Let c(b) = b + 17. Let u be c(-17). What is the tens digit of 0 - -14 - (u - g)?
1
Let b(j) = -23*j**3 + 5*j**2 - j - 7. What is the tens digit of b(-3)?
6
Let l(c) = 359*c + 607. What is the thousands digit of l(8)?
3
Suppose -3267 = 7*j - 16*j. What is the hundreds digit of j?
3
Suppose -3*b = -3*i - 7896, b + 2*i - 752 - 1892 = 0. What is the units digit of b?
6
What is the units digit of -4 + ((-7787)/39)/((-4)/108)?
7
Let c(h) = 3*h**2 - 18*h + 4. Let q be c(7). Let t = 153 - q. What is the hundreds digit of t?
1
Let n(h) = h**3 + 5*h**2 + 3*h + 2. Let k be n(-3). Let x = -8 + k. Suppose a + 6 = x*m + 2*m, 20 = 4*m. What is the units digit of a?
9
Let s = 33 + -19. Suppose -c + 4*d - 3 + 11 = 0, -3*c = -2*d - s. Suppose -5*h + 32 = -3*h + c*y, -80 = -5*h + 4*y. What is the units digit of h?
6
Let k = 4 - -2. Suppose 2*c + 3*z + 10 = 0, 2*c = 5*c + 5*z + 16. What is the units digit of c/k + (-56)/(-6)?
9
Suppose -k = -4*v + 4, -v + 4*v - 4*k = -10. Suppose -v*q + 178 = 42. Suppose q = 2*t + h + h, 4*t + 5*h = 138. What is the units digit of t?
2
Let f(l) = l**3 - 11*l**2 + 11*l - 10. Let w be f(10). Suppose w = -6*i + 3*i - 4*j + 152, -2*i + 103 = j. Suppose -4*a = -i - 28. What is the tens digit of a?
2
Suppose 2*y - 4*y = -10. Suppose -y*g + 120 = -g. What is the tens digit of 14*(g/(-14) + 3)?
1
Suppose -12 = -3*n - 0*n, -3*n + 96 = -2*j. Let g be j/(-10) + 8/(-40). Suppose g*v = -34 + 202. What is the units digit of v?
2
Suppose 321 = 6*s - 3117. What is the units digit of s?
3
Let o(z) = 2*z**3 + 3*z**2 - 8*z - 19. What is the tens digit of o(6)?
7
Let w = 7 - 5. Let a(c) = 17 + 2*c - 2*c - c + w*c. What is the tens digit of a(-7)?
1
Suppose -n + 0 = 2, n = 2*q - 12. Let v(u) = -u**2 + 14*u + 3. Let i be v(11). Suppose -i + 11 = -q*d. What is the units digit of d?
5
Let y(i) = 2*i**3 + 11*i**2 - 5*i - 7. Let q(t) = t**3 + 5*t**2 - 3*t - 4. Let f(d) = -5*q(d) + 2*y(d). What is the tens digit of f(-5)?
3
Let b = -4 + 8. Suppose 0 = b*y - 2*o + 10, 0*y + o = y + 5. Suppose y*f - 5*f + 75 = 0. What is the units digit of f?
5
Suppose 0*q = 5*q - 20. Suppose 2*g - 26 = 5*i, i + 4*g - q - 4 = 0. Let u(r) = -5*r - 2. What is the units digit of u(i)?
8
Suppose 2*l + 4 = 0, -312 = 3*t - 5*l - 5644. What is the hundreds digit of t?
7
Let h be (4*-5)/(5/25). Let p = h - -181. What is the tens digit of p?
8
Let z(c) = -2*c. Let w = 16 - 11. Suppose 3*a + 13 = l, -11 = -w*a - 5*l - 66. What is the units digit of z(a)?
2
Suppose 4*z - 3503 = 4*l - 867, 5*l - 2618 = -4*z. What is the units digit of z?
7
Let f be (-8 - -1)*1 + -1. Let l(d) be the first derivative of d**2/2 + 19*d + 3. What is the units digit of l(f)?
1
Let r be 5/((-20)/12)*-1. Suppose u = 2, r*w - 4*u - 2 = 5. Suppose 5*x + w = 0, x = -5*y + 6*x + 125. What is the tens digit of y?
2
Let k = 24 - 21. Suppose 4*l - k*s = s + 36, -2*l - s = -3. What is the units digit of (0 - 4)*(-1)/l?
1
Suppose 3*z - 18 = -3*z. Suppose 0*r = 3*v + 2*r - 83, 138 = 5*v + z*r. What is the tens digit of v?
2
Let z(r) = 572*r - 184. What is the tens digit of z(5)?
7
Let h(n) = 5*n**2 - 3*n - 152. What is the units digit of h(-18)?
2
Suppose x + 4 = -3*x, 3*u - 280 = 4*x. Suppose 0 = 2*b - u - 4. Let p = -5 + b. What is the units digit of p?
3
What is the hundreds digit of 8/14 + (8 - 26032/(-14))?
8
Let r = -6 + 8. Let x(t) = -3*t**2 + 2*t**2 + 6*t**2 - 1. What is the units digit of x(r)?
9
Suppose 5*u - 2*v = 450, 2*v = -u + 21 + 81. Suppose q - 3*c - u = -0*c, -2*c + 232 = 3*q. What is the units digit of q?
0
Suppose -5*a - o = 4*o, -4*o - 35 = -3*a. Suppose x + a*n = 80, 0 = -2*x + 4*n + 64 + 82. What is the units digit of x?
5
Suppose -6*j + 350 = -j. Let y = 116 + j. What is the tens digit of y?
8
Suppose 3*c - 210 = -3*s, s - 135 = -s + 3*c. What is the units digit of s?
9
What is the tens digit of 2273*(-2)/(-5)*(-5)/(-2)?
7
Let t be (-15)/2*(-16)/20. What is the units digit of ((-2)/t)/(3/(-189))?
1
Let m be ((2 - 5) + 5)/1. Suppose -2*y - t = t - 38, m*t = 5*y - 67. Let k = 28 - y. What is the tens digit of k?
1
Let k(d) = -18*d + 2. Suppose 5*c + 2*q + 14 = -17, -c = q + 8. What is the tens digit of k(c)?
9
Suppose -3*i - 78 = -5*a, -2*i = -4*i + a - 45. What is the tens digit of -18*((-12)/i - 166/21)?
3
Suppose 0 = -2*l + 6, 3*l - 117 - 122 = -a. Let b = 519 - a. What is the hundreds digit of b?
2
Let b(k) = -8*k**3 - 4*k**2 + 2*k + 35. What is the hundreds digit of b(-6)?
6
Suppose 0 = -5*w + 9*w. Suppose w*u + 100 = 2*u. What is the tens digit of u?
5
What is the units digit of ((-16668)/27 + -6)/((-2)/6)?
0
Suppose 0 = 3*d - 3 - 0, 2*x + 4*d = 2278. What is the units digit of x?
7
Suppose 5*u = k + 341, 5*u + 7*k = 10*k + 343. Let s be 38 - 0 - 0/(-1). Let w = u - s. What is the units digit of w?
0
Suppose 0 = 16*i - 15*i - 5. Suppose -5*t + i*x + 30 = 0, 6*t - 16 = 3*t + 4*x. Let n(r) = r + 15. What is the tens digit of n(t)?
2
Suppose l - 7 - 9 = 0. Let m be 12/l*-2*-2. Let y = 5 + m. What is the units digit of y?
8
Let v(l) = -2*l**2 - 18*l + 5. Let g be v(-9). Suppose -2*b - t - 2*t = -154, 0 = -g*b - 5*t + 375. What is the tens digit of b?
7
Let y(r) = 7*r**2 - 6*r - 6*r + 18*r - 13*r + 1 + r**3. Let d be (-1)/(-4) - 50/8. What is the tens digit of y(d)?
7
Suppose 5*j = -4 + 19. Let d(t) = 5*t**2 - t + 3. What is the tens digit of d(j)?
4
Suppose j - 2*j = -75. Let f = j - 39. What is the tens digit of f?
3
Let q(b) = 5*b**2 + 3*b + 9. Let g be q(-7). Suppose 5*v - g = y, 4*v + 27 = y + 214. What is the units digit of v?
6
Suppose 4*y - 435 = 341. What is the tens digit of y?
9
Let l(y) = 2*y**3 - 5*y + 4. Let s be l(2). What is the hundreds digit of s/2 + 295 + 4?
3
Let f(l) = l**2 + 9*l + 10. Let z be f(-8). Suppose -3*g + 499 = z*i, -3*i + 1042 = 5*g + 296. Suppose 6*v = i + 145. What is the tens digit of v?
6
Let t be 1 - ((-10)/2 + 1). Suppose -2*d = t*q + 33 - 1193, 0 = 2*d + 10. What is the units digit of q?
4
Suppose 0 = -3*x - u - 14 + 614, -x - 5*u + 214 = 0. What is the units digit of x?
9
What is the units digit of 200/24 + -7 + (-2)/(-3)?
2
Suppose 0 = -4*s + l + 76, 4*l = s + 3*s - 88. Let o = 0 - s. What is the units digit of o/(((-6)/(-8))/(-1))?
4
Let m be 5/((-5)/3)*-1. Suppose 4*v = m*v + 37. What is the units digit of v?
7
Let r = -13 + 19. Let q(s) = 8 + s + 1 + r - 3*s. What is the units digit of q(7)?
1
Let z(h) = -h**3 + 14*h**2 + 6*h + 35. What is the units digit of z(10)?
5
Let v = 1875 + -1417. What is the units digit of v?
8
What is the tens digit of 4995 - -1 - 14/(6 + 1)?
9
What is the tens digit of 12 + 6 + -8 - -523?
3
Let d be 3 - 392/(20/(-5)). Let z = d - -66. What is the tens digit of z?
6
Let l(q) be the second derivative of -1/3*q**3 - 7/12*q**4 + 0 - q**2 - 8*q - 1/20*q**5. What is the units digit of l(-8)?
8
Let j(s) = 18*s**2 + 4*s - 3. What is the hundreds digit of j(-4)?
2
Suppose 4*q = 5*o + 323, 4*q + 0*o - 4*o - 328 = 0. What is the units digit of q?
7
Suppose -3*h - 3*q - 18 = 0, 4*h + 2*q + 19 = 5. What is the units digit of (27/(-36))/(h/84)?
3
Let m = -230 + 664. What is the tens digit of m?
3
Suppose 5 + 5 = 2*l. Suppose -l*f + 48 + 7 = 0. Suppose -2*y + 1 = -f. What is the units digit of y?
6
Let a(h) = h**2 - 3*h - 3. Suppose -y - 1 = 2*d + 4, 2*d - 5 = -3*y. Let f be a(y). Let r = 16 + f. What is the units digit of r?
3
Suppose 0 = -0*k + 2*k - 4*h - 36, -4*h + 8 = 0. Let j = 28 - 20. Su